 - 2*t**2 - 4*t - t. Give i(3).
-5
Let j(f) = -6*f**2 + 4*f + 4. Let x(k) = 7*k**2 - 4*k - 4. Let t(w) = -6*j(w) - 5*x(w). Calculate t(6).
8
Let o(b) = 3*b - 4. Let f be (0 - -2)*1 + -1. Suppose 5*i + 24 + 3 = -m, -5*i = 3*m + 31. Let d = f - m. What is o(d)?
5
Suppose -3*p + 3*d = -4*p + 1, 0 = 3*p - 3*d - 15. Let z(q) = -q**3 + 5*q**2 + 1. Determine z(p).
17
Let h(s) = s**3 + s**2 + s - 2. Let a be 0/(1 - (-5)/5). Give h(a).
-2
Let h(l) = 4*l**2 - l**2 - 2 + 1 - 11*l. Let s(v) = 3*v**2 - 3*v - 3*v - v**2. Let a(d) = 3*h(d) - 5*s(d). What is a(-2)?
-1
Suppose -2 + 1 = r. Let p be ((-1)/r)/(2/4). Suppose -m = -2*d - 7, p = 7*m - 2*m + d. Let t(y) = -2*y**3 - y**2 + y - 1. What is t(m)?
-3
Let v(k) be the third derivative of k**4/6 - k**3 - 12*k**2. Determine v(4).
10
Let b(m) = -2*m**2 + 23*m - 3. Let l(w) = -w**2 + 8*w - 1. Let y(z) = -6*b(z) + 17*l(z). Suppose 6*p + 5 = 11*p. What is y(p)?
-6
Let r(u) = -u - 2. Let h(f) = f**2 + 7*f + 4. Let n be (-1 + -2 + -2)/1. Let y be h(n). What is r(y)?
4
Let b = -15 - -11. Let i(l) be the second derivative of -l**3/6 + l. Give i(b).
4
Let g(o) = -o**2 + o + 2. Let r be 8/(-3) - (-2)/(-6). Let l be (r + 5)/(2/(-3)). Give g(l).
-10
Let l(c) = 4*c**2 - c + 1. Suppose 0*s + 3 = 3*s. Determine l(s).
4
Let k(x) be the first derivative of x**4/4 - 7*x**3/3 + 7*x**2/2 + 4*x + 6. Determine k(6).
10
Let g(t) = t - 6. Let d(m) = -m**2 - 5*m + 9. Let z be d(2). Calculate g(z).
-11
Let b = 10 + -9. Let q be (-2 - b)/(-3) - -5. Let a(s) = -4 - 4 + s + q + 1. Calculate a(3).
2
Let x(n) = -n**2 + 5*n. Let r be x(4). Let u(i) be the third derivative of -2*i**2 - 1/3*i**3 + 0 + 1/12*i**r + 0*i + 1/60*i**5. Calculate u(2).
6
Let z(a) = -a**2 - a + 4. Let n be z(-3). Let x(l) be the first derivative of -l**3/3 + l**2/2 - l + 56. Give x(n).
-7
Let m(o) = -66 + 0*o - 62 + o + 126. Give m(14).
12
Let x(l) = -l**3 - 5*l**2 + 8*l + 9. Let u(f) = -f**3 - 5*f**2 - 4*f. Let z be u(-3). Determine x(z).
-3
Let p be (-11)/(396/(-224)) + 2/(-9). Let s = -9 - -13. Let b = p - s. Let x(c) = -4*c + 2. Give x(b).
-6
Let n(s) = -3*s - 2. Suppose 2*j + 1 = 3*r + 3, 30 = 2*j + 4*r. Calculate n(j).
-23
Let l(m) = -5*m**2 - m. Let o be (-4)/(-2) - (-2)/(-2). Give l(o).
-6
Suppose 0 = -t - t + 16. Let l(g) = 6*g**2 + 3 - g + 7*g**3 - t*g**3 + 0. What is l(6)?
-3
Let o(p) = 2*p**2 + 2*p. Suppose 3*r + 50 = 8*r. Let l = r - 13. Give o(l).
12
Let n(j) be the third derivative of 1/8*j**4 + 0*j + 1/120*j**6 + 1/10*j**5 - j**3 - j**2 + 0. Determine n(-5).
4
Suppose 4*a + t + 10 = 0, 0 = -2*a - 2*t - 2. Let r(d) = 4*d - 5*d + 4 - 7. Give r(a).
0
Suppose 3*t - 2 = -14, -5*y = 3*t + 2. Suppose -13 + 3 = -y*s. Let d(r) = r + s*r - 5*r. Determine d(3).
3
Let i(h) = -h**3 + h**2 - h. Let y(z) = z - 1. Let q be y(-2). Let r be (-2)/(-2 + 0/q). Determine i(r).
-1
Let z(r) = -17*r + 1. Let t be z(-1). Suppose 4*f = q + 9, 3*f - 5*q - t = -2*q. Let n(p) = 2 + p**3 + f - 4 + 0*p**3 - 5*p**2 + 5*p. Determine n(4).
3
Suppose -13*g = -9*g. Let z(i) = -i + 11. What is z(g)?
11
Let y(f) = 0*f - 7*f**2 + 11*f**2 + 3*f**3 - f**3 + 2*f. Calculate y(-2).
-4
Let r(y) = -y**3 + 5*y**2 + y + 7. Suppose 0 = -4*o - 2*z + 16, 2*o = -0*o + 3*z + 16. What is r(o)?
12
Let h(r) = r + 2. Let o(t) = 6*t + 2. Let k be o(-2). Let v = k + 8. What is h(v)?
0
Suppose 0 = -5*v, 6*a - a + 4*v = -55. Let g = a - -15. Let k(m) = m**3 - 5*m**2 + 4*m + 5. Determine k(g).
5
Let g(u) be the first derivative of -u**3/3 - 3*u**2 + 7*u - 31. Calculate g(-6).
7
Let b(f) = f**3 - 5*f**2 + f - 4. Let x be -1 + (-1)/(-1 + 0). Let t be (x/(-1))/(-1 - -2). Suppose y - 6*y + 25 = 2*m, t = -y + 5*m + 5. Calculate b(y).
1
Let a(o) = o**3 + 7*o**2 - 1. Let w(s) = s - 1. Let b be w(-6). Let y be a(b). Let g(i) = -3*i**2 - 2*i - 1. Give g(y).
-2
Let h(q) = 9 + 4*q + 2 - q - 2*q. Let f be h(-14). Let o(t) be the second derivative of -t**3/6 + t**2 - t. Calculate o(f).
5
Suppose -4*o = -2*h - 8, -3*o + 7 = -h - 0*h. Let x(q) = 4*q - 5 + q**3 + 2*q**2 - 7*q**2 + o. Let c = 11 + -7. Give x(c).
-2
Let x(j) = 6*j + 1. Let f(y) = y + 5. Let d(b) = b**2 - 5*b. Let u be d(4). Let n be f(u). Calculate x(n).
7
Suppose -4*b + 9 = -b. Let x(n) = 4 + b*n - 3*n + n. Suppose -8*l + 10*l = -6. What is x(l)?
1
Let y(f) be the second derivative of -f**7/840 - f**6/60 - 7*f**5/120 - 7*f**4/24 + 5*f**3/6 - f. Let k(i) be the second derivative of y(i). Calculate k(-5).
3
Let m(y) = -y**3 - 2*y + 1. Suppose -t - 17 = 3*g, t = 3*g - 0*g + 7. Let z be (1/(-2))/(g/8). Give m(z).
-2
Let v = 29 + -26. Let a(x) be the third derivative of 1/60*x**5 + 1/24*x**4 + 1/3*x**v + 0 + 0*x - x**2. Give a(-2).
4
Let n(o) = -5*o**3 - o**2 + 10*o + 9. Let d(g) = 11*g**3 + g**2 - 21*g - 18. Let i(l) = 4*d(l) + 9*n(l). What is i(-6)?
9
Suppose -6 = 2*x, -13 = -g + 2*g + 3*x. Let n(y) be the third derivative of -y**6/120 - y**5/15 - y**4/24 - 2*y**3/3 - 3*y**2. Give n(g).
0
Let l(r) be the second derivative of r**6/24 + r**3/6 - r**2 - 4*r. Let x(b) be the first derivative of l(b). Give x(1).
6
Let z(u) = 2 + 2 - 2*u - 1. Let m be z(2). Let i = -1 - m. Let s(o) = -o - 7. Determine s(i).
-7
Let k(t) = -2*t**2 + 2*t + 4. Suppose -2*g = -2*w + 3*g + 11, -1 = g. Determine k(w).
-8
Let f(q) = -3*q + 1. Let t be (-16)/7 - 12/(-42). Give f(t).
7
Let t(a) = a**2 + 6*a + 3. Let m(k) = k - 1. Let v be m(-5). Calculate t(v).
3
Let w(h) = h**3 - 4*h**2 + 6*h - 1. Let s(t) = 2*t**3 - 8*t**2 + 11*t - 2. Let q(x) = -3*s(x) + 5*w(x). Determine q(3).
1
Suppose -21 = -6*i + 13*i. Let w(z) be the third derivative of -z**5/60 - z**4/12 + z**3/2 + z**2. Calculate w(i).
0
Let c(a) = -6*a - 1. Let w(b) = -2*b + 6. Let n be w(4). Determine c(n).
11
Let m(j) = j**3 - j**2 - 5*j + 3. Let r(q) = -q**3 + 4*q**2 + q - 1. Let a be r(4). Suppose -2*b = -2*w + 3*b + 8, 0 = -a*b. Let y = w + -1. Calculate m(y).
6
Suppose -2*c + 11 = -5*s, 4*c + 8*s - 3*s + 23 = 0. Let h(f) = -7*f**2 - 18*f - 1. Let b(t) = -11*t**2 - 28*t - 1. Let z(o) = 5*b(o) - 8*h(o). Give z(c).
-1
Let m = -17 + 16. Let b(u) = 15*u + 1. Give b(m).
-14
Let o(j) = 2*j**2 - 4*j + 1. Suppose 3*u + 0 - 9 = 0. Let k = -3 + u. Suppose -5*i + k*i - 25 = 0, -5*s - 3*i = 0. Give o(s).
7
Suppose l = -0*l + 1. Let b = 1 + l. Let n(i) = i**3 - 2*i**2 - 2. Calculate n(b).
-2
Let o(r) = 4*r - 4. Let i be o(3). Let t = 3 - i. Let p(w) = -w**2 - 6*w + 3. What is p(t)?
8
Let s(v) = -3*v**2 - 1. Let d(x) be the third derivative of -x**6/120 - 7*x**5/60 + 7*x**4/24 - 3*x**3/2 + 2*x**2. Let a be d(-8). Determine s(a).
-4
Let k be (-1)/(-1 + 2/4). Let q(s) = s - 2. Determine q(k).
0
Suppose 5*f + 29 = -1. Let l(b) = b + 12. Calculate l(f).
6
Let q = -14 - -2. Let a be q/10 - (-3)/15. Let w(s) = -5*s**2 + s + 1. Give w(a).
-5
Suppose -11 - 16 = 3*s + f, 0 = -5*f. Let c(j) = j**2 + 8*j - 9. Calculate c(s).
0
Let o(k) = -k**3 + 4*k**2 + 2*k + 6 + 5*k - 3*k. Let v(x) = x + 2. Let u be v(3). Give o(u).
1
Let t(a) = -a + 6. Let m = 6 - 8. Let q be -5 + 5 - m*2. Calculate t(q).
2
Let g(k) = 7 - 7*k - 7. Give g(1).
-7
Let g be -2 + -2 + (4 - -2). Let j be (1 + 1)*(2 + -1). Let b(n) = n - 2 + j. Calculate b(g).
2
Let s(v) = v**2 - 6*v - 8. Let w be (-2)/(-4) - 44/(-8). Calculate s(w).
-8
Suppose 0 = -5*m - 30 + 5. Let x(g) = 2*g - 2. What is x(m)?
-12
Let n(j) = j**2 + 6*j + 4. Let i be n(-6). Let m(s) be the third derivative of s**4/24 + s**3/2 - 20*s**2. Calculate m(i).
7
Let l(v) = 3*v - 1. Suppose -10*h + 7*h + 12 = 0. Give l(h).
11
Let y(x) = -x**3 - 5*x**2 - 3*x + 3. Let z be -2 - ((-4)/4 + 2). Determine y(z).
-6
Let p(c) = c + 1. Let f(q) = 4*q + 1. Let v(b) = -f(b) + 5*p(b). Give v(-6).
-2
Let w = -7 - -3. Let a(j) = j**3 + 6*j**2 + 5*j + 2. Give a(w).
14
Let m(l) = 5*l**2 + l - 1. Let o(r) = -r**2 - 9*r. Let x be o(-8). Suppose -4*z = -8 - x. Suppose 4*f - 20 = -4*q, -z*q + 0*f = -f. Calculate m(q).
5
Let q(m) be the first derivative of m**4/4 - 3*m**2/2 - m - 5. Let r = 4 + -6. Let f be q(r). Let p(v) = v**2 - 2. Give p(f).
7
Let w(c) = -c**2 - c - 4. Suppose 2*d = -2*f + 30, -2*d + 75 = 5*f - 0*f. Suppose 2*g = -2*i - 5 - 7, g + f = -4*i. Calculate w(i).
-10
Let x(q) = 6*q**3 - q**2 - 3*q - 2. Let j(z) = z**3 + z + 1. Let m(p) = j(p) + x(p). Calculate m(-1).
-7
Suppose 2*t - 16 = -0*t - 5*c, -3*t = 2*c - 13. Let h(k) be the first